t y be 23 + -2 + 0 + -2. Let p = 22 - y. Suppose 0 = -7*w + p*w + 36. Is 2 a factor of w?
False
Let u be (-5*2/(-20))/(1/12). Is (87/u)/((-2)/(-12)) a multiple of 9?
False
Suppose -17*i + 15*i + 12 = 0. Let b be 2/(1 + (-2)/i). Does 17 divide -2*(-3 + b + -34)?
True
Is 19 a factor of ((415/(-2))/5)/((-40)/80)?
False
Suppose -4*l + 2585 = -3*x + 4*x, -3*l + 5*x + 1956 = 0. Let s = l - 422. Does 15 divide s?
True
Suppose 9838 = 6*f + 3412. Is 21 a factor of f?
True
Let v be (2 - 4)*(-3)/3. Suppose 3*k = v*k + 30. Is k a multiple of 15?
True
Let h(q) = 8*q**3 - q**2 + q - 8. Let k be h(4). Suppose -1500 + k = -3*u. Is 12 a factor of u?
True
Let u(v) = -144*v. Is 16 a factor of u(-1)?
True
Suppose 319*d - 1380 = 314*d. Does 46 divide d?
True
Let a(p) = 2*p**2 + 4*p + p**2 + 0 + 4*p**2 - 1. Let t be a(-2). Suppose 4*f - 4*j - 164 = 0, -f - 2*j + 16 = -t. Is 9 a factor of f?
False
Let z be (-10)/(-6)*(1 + 2). Suppose -5*u = -20, 2*p - 3 = z*u + 1. Let r = 23 - p. Is 7 a factor of r?
False
Let w(o) = -20*o + 24. Let l be w(7). Let u = l + 197. Is 47 a factor of u?
False
Let b = -175 + 191. Is b a multiple of 16?
True
Suppose -7 = -f + 4*l - 0*l, 0 = 2*f + 2*l + 36. Let b(i) = -i - 1. Let y be b(f). Is 15 a factor of 2905/42 + (-2)/y?
False
Suppose 7*y - y = 732. Suppose 6*s - 178 = y. Is 50 a factor of s?
True
Let b(f) = f**2 + 10*f + 12. Let t be b(-9). Suppose 2*x + 142 = -2*v - 2*v, t*v = 2*x + 135. Let m = 117 + x. Is 13 a factor of m?
False
Let q(p) = 3*p**2 - 6*p. Let a be (1 + -3)*-2*1. Does 24 divide q(a)?
True
Let g(w) = w**2 - 2*w**2 + 19*w - 16 + 3. Does 11 divide g(16)?
False
Let r(o) = -o + 2. Let a = -23 - -20. Let t be r(a). Suppose -3*p - 290 = -4*g + 62, -t*g + 440 = 4*p. Is 22 a factor of g?
True
Suppose -1 - 7 = -2*h + t, 0 = h + 4*t + 14. Let o(z) = 2*z**2 + 4*z - 6. Let b be o(-6). Suppose -3*y - 117 = -5*u, 3*u + h*y - b = 13. Is u a multiple of 8?
False
Let p be ((-8)/20)/(-1 + (-64)/(-60)). Is 11 a factor of p*42/(-4)*(-16)/(-24)?
False
Let r = 7 + -13. Let a = r - 37. Let z = 75 + a. Is 8 a factor of z?
True
Let r = -965 + 1733. Is r a multiple of 74?
False
Suppose -360 = -5*w + 4*u + 2122, 0 = 3*w + 3*u - 1500. Is w a multiple of 40?
False
Suppose -4*r + 0*r - 4*f = -6228, -5*f = 25. Is 21 a factor of r?
False
Let l(c) be the third derivative of c**6/60 - 7*c**5/60 - c**4/3 + 2*c**3/3 - 12*c**2. Is 14 a factor of l(6)?
False
Suppose -2*b + 1 = -m + 9, -m = -2. Let p(f) be the first derivative of -2*f**2 - 264. Is p(b) a multiple of 3?
True
Let q(h) = h**3 + 6*h**2 - 17*h - 7. Let l be q(-8). Is 7 a factor of (-225)/(-3) - (-1 + -2) - l?
True
Let i(n) = -20*n. Let f be i(5). Let k = 50 - f. Is k a multiple of 12?
False
Let f(j) = -110*j - 715. Does 45 divide f(-11)?
True
Suppose -3*h = -4*h. Suppose -5 = 5*p, 2*f + 5*p + 11 - 48 = h. Let b = 102 - f. Is b a multiple of 27?
True
Let c be 3*((-22)/(-6) + 3)*24. Suppose 0 = 3*v - 7*v + c. Is 24 a factor of v?
True
Let u(l) = -l**3 - l**2 - 2*l + 2. Let x be u(0). Let m be (-2 + x)/(2 - 0). Suppose m*p = p - 22. Is 6 a factor of p?
False
Suppose 84 = 3*f + 3*f. Suppose 454 = f*k + 132. Is 12 a factor of k?
False
Let z be ((-88)/10)/(7/(-1050)). Suppose -4*g + z = g. Suppose 0*r - 4*r + g = 0. Is 22 a factor of r?
True
Let f(c) = -c + 5. Let o be f(5). Suppose 2*n + d + 3 = 38, o = 3*d - 3. Is n a multiple of 5?
False
Suppose 0*o - 111 = -3*o - 3*f, -o - 5*f + 17 = 0. Let y = o + -14. Is 7 a factor of y?
True
Let n = 3666 - 850. Is 176 a factor of n?
True
Suppose 5*o + 4*n - 125 = 105, 265 = 5*o - 3*n. Is 10 a factor of o?
True
Let c(s) = 22*s**2 + s - 1. Let r(x) = -7*x + 8. Let m(j) = 3*j - 4. Let z(g) = -9*m(g) - 4*r(g). Let l be z(-3). Is 14 a factor of c(l)?
False
Let y(a) = 26*a**3 - 3*a**2 + 2*a. Let d be y(2). Suppose 3*p = 7*p - d. Is ((-3)/(-2))/(15/p) even?
False
Let x(d) = -d**2 - d - 4. Let c be x(0). Suppose -24*j + 360 = -9*j. Let i = j + c. Is i a multiple of 3?
False
Let y(m) = 2*m**2 - 27*m + 6. Let i be y(18). Suppose -4*t - 4*t = -i. Is 7 a factor of t?
True
Let y(j) be the first derivative of j**4/4 + 3*j**3 - 7*j**2 - 5*j + 32. Does 5 divide y(-10)?
True
Let f = 926 + -621. Is 13 a factor of f?
False
Suppose -18 = 2*u - 0*u. Let z = 9 + u. Suppose -w + z*w = -32. Does 16 divide w?
True
Let w(b) = 2*b**3 + 5*b**2 + 5. Let r(x) = -x**3 - 2*x**2 - 2. Let s(o) = -11*r(o) - 4*w(o). Let y be s(-2). Is (-692)/y - 6/14 a multiple of 14?
False
Let d be (5/4)/((-5)/340). Let w = -20 - d. Suppose 0 = -3*m + 7*m + 12, m - w = -2*t. Is 17 a factor of t?
True
Let s(d) = -d**2 + 3*d + 4. Let m be s(3). Let t(c) = -m*c + 0*c + 0 - 4. Is 14 a factor of t(-10)?
False
Let j(t) = -t**2 + 8*t + 22. Let c be j(10). Suppose -3*r - c = -2*r. Is (168/(-60))/(r/10) a multiple of 5?
False
Let l be (2/7)/(1/7). Let q(c) = -8*c**3 + 103 - 103 + 2*c**l. Does 24 divide q(-2)?
True
Suppose 0 = -w + 3*w - 64. Suppose 3*a - a = w. Does 9 divide a?
False
Suppose -u + 6*l + 290 = 5*l, 0 = -4*u - 3*l + 1146. Does 8 divide u?
True
Let s be ((-10)/15)/(3 - 58/18). Suppose -2*r + 39 = 2*i - s*i, 5*r - 99 = 2*i. Is 7 a factor of r?
True
Suppose 91*j - 9*j = 22960. Is 6 a factor of j?
False
Suppose 5*f = -4*h + 1, 0 = -5*h + 3*f + 9 + 20. Suppose h*s - 114 - 46 = 0. Let a = s + -19. Does 3 divide a?
True
Let g(s) = 2*s**2 - 33*s - 72. Is 12 a factor of g(24)?
True
Suppose -5*t - 2*i - 31 = 0, -i + 2 = t + 10. Let m(v) = -v**3 - 4*v**2 + 3*v + 11. Does 7 divide m(t)?
True
Suppose 0 = 5*p, 29*y - 580 = 24*y - 2*p. Is y a multiple of 21?
False
Let w be 10 + 12/(-4) + 1. Suppose 0 = o + w + 6. Let v(s) = s**2 + 11*s - 9. Is 11 a factor of v(o)?
True
Suppose 307 = 8*q - 2477. Is 12 a factor of q?
True
Suppose 12 = 4*o - 4. Suppose 5*q - i = -3*i + 340, -o*q = -i - 272. Does 11 divide q?
False
Let o(f) be the third derivative of -f**5/60 + f**4/12 + 33*f**3/2 + 12*f**2. Does 11 divide o(0)?
True
Suppose 18*q + 9 = 19*q. Is 2211/q - 1/(-3) a multiple of 41?
True
Let z(q) = -12 + 6*q**2 - 3*q**2 - 9*q - 4*q**2. Let h be z(-8). Let j(y) = -y**2 - 6*y - 1. Does 4 divide j(h)?
False
Let b be 4 + 2/(2/1). Let d = b + -1. Is 4 a factor of d?
True
Let g be ((-888)/(-1 - -5))/((-6)/4). Suppose -3*i + 77 = -g. Does 15 divide i?
True
Suppose 26*v - 988 = -130. Does 6 divide v?
False
Let p = -2 + 0. Is (p - 38/(-4))*14 a multiple of 21?
True
Suppose 16 = -0*v + 2*v - 4*s, 2*v - 19 = s. Is 29 a factor of (v/8)/(4/368)?
False
Suppose 2*y - 220 = 32. Is y a multiple of 21?
True
Let z = 409 + -196. Is z a multiple of 17?
False
Let k(x) = 15*x**2 - 10*x + 52. Is 133 a factor of k(6)?
True
Let m(z) be the third derivative of -z**6/120 + z**5/30 + z**4/4 + 7*z**3/6 - 5*z**2. Let v be m(5). Is v/(-133) + 117/7 a multiple of 10?
False
Let l(z) = 117*z - 96. Does 26 divide l(5)?
False
Let w(q) = -24*q. Let p be w(-1). Suppose -4*y = -4*o - 12, 2*o - p = -0*y - 4*y. Suppose 5*s - 455 = -3*n, s - o*n - 47 = 44. Is s a multiple of 31?
False
Let q = 68 - 41. Let o = q + 15. Does 20 divide o + (2/2 - 3)?
True
Let s = -735 - -2367. Does 48 divide s?
True
Suppose 0*a + 31 = -a + 2*h, 5*a + h + 111 = 0. Let j = -18 - a. Is 4 - (j + 8/(-2)) a multiple of 3?
True
Let z be (20/15)/((-1)/(-36)). Is 0 - (-13)/(52/z) a multiple of 4?
True
Let l(h) = -53*h**3 - 2*h**2 + h + 2. Let j be l(-1). Suppose 0*o = -3*c + o + 100, 3*o = -2*c + j. Does 4 divide c?
True
Let r(y) = -11*y**2 - 146*y + 34. Does 24 divide r(-11)?
False
Let z(y) = 22*y + 94. Is 4 a factor of z(-4)?
False
Suppose -117*r + 18526 = -58*r. Does 7 divide r?
False
Let p(n) = n**3 + 19*n**2 - 5*n - 35. Is p(-19) a multiple of 10?
True
Suppose -6*k = -k - 4*b - 51, 0 = 5*k + b - 31. Suppose -v = -k*v + 390. Does 8 divide v?
False
Suppose 0 = 3*l - 105*p + 106*p - 834, 3*l = 2*p + 843. Is 8 a factor of l?
False
Suppose 3*c - 4*c = 2. Let w(q) = q**2 + q. Let o be w(c). Suppose o*v - 51 = -19. Is v a multiple of 16?
True
Let n(l) = l**3 - 8*l**2 - 3*l + 27. Let a be n(8). Let u = 10 + 35. Is (u/a)/(3/10) a multiple of 6?
False
Let r(t) = 5*t**2 + 15*t - 139. Is r(7) a multiple of 5?
False
Let j(a) be the first derivative of -17*a**2/2 + 11*a - 9. Let m be j(-15). Let c = -177 + m. Is c a multiple of 18?
False
Suppose -5*h - 6*k + 3*k = 253, 0 = 4*k + 4. Let i = -7 - h. Is 21 a fa